b**2 + 1. Let o be (-2)/(-2) - (-1)/1. Let i be (-17)/(-1) + o/(-2). Let h be 28/i - 1/(-4). Determine s(h).
1
Let b(d) = 2*d - 3. Let l be (3 - 1 - -2)/2. Calculate b(l).
1
Let m(z) = z**3 - 6*z**2 + 7*z - 3. Let p = -84 + 52. Let x be 1/(-3 + p/(-10)). Give m(x).
7
Let g(v) be the second derivative of 2/3*v**3 - v + 1/20*v**5 - v**2 + 0 - 1/2*v**4. Determine g(5).
-7
Let m(k) = 12 - 4*k + 9 - 17. Give m(3).
-8
Let y = 8 + -4. Suppose y*q = 5*v - 11, 4*v = v + 3*q + 6. Let g(j) be the first derivative of j**4/4 - j**3 - 3*j**2/2 - 3*j + 1. Determine g(v).
-12
Suppose -43 = 4*c + 2*d + 11, -5*d = -5. Let b = -10 - c. Let o(g) = g**2 - g - 5. Give o(b).
7
Let o = 5 - 0. Let v(k) be the third derivative of 0*k + 3*k**2 + 1/15*k**5 + 0 + 1/8*k**4 - 1/120*k**6 + 2/3*k**3. Give v(o).
-6
Let l = -2 + 2. Suppose -2 = -l*r - r. Let x(p) = p**2 - 3*p + 3 + 0*p - 2*p**2. Determine x(r).
-7
Let c = -43 - -45. Let h(j) = j**3 - 2*j**2 + 4*j - 2. Determine h(c).
6
Let w(h) be the third derivative of h**6/120 - h**3/2 + 5*h**2. What is w(0)?
-3
Suppose s + 3 = -0*s, 2*z - 24 = 4*s. Let a = -7 + z. Let i(y) = -7*y**3 - y. Give i(a).
8
Let c(v) = -3*v - 1. Let s(l) = 7*l + 1. Let j(w) = 9*c(w) + 4*s(w). Give j(0).
-5
Let w(u) be the third derivative of -u**6/120 - u**5/20 - u**4/12 + u**3/6 - 7*u**2 - 3*u. Determine w(-3).
7
Suppose 4*w = -2*w + 48. Let v(i) = -i**2 + 9*i - 1. What is v(w)?
7
Let y(f) be the third derivative of -f**6/360 - f**5/60 + f**4/8 + f**2. Let l(i) be the second derivative of y(i). Give l(-3).
4
Let p(m) = 10*m + 37 - 11*m - 38. Suppose -3*o = -u + 20 - 7, -5*u + 29 = -3*o. Determine p(u).
-5
Suppose -2 = s - 7. Suppose -2*u + s*u - 6 = 0. Suppose 3 = -u*v + 7. Let o(q) = -3*q + 3. Give o(v).
-3
Let q(b) be the third derivative of -b**5/30 - b**4/24 - 21*b**2 + 1. What is q(-2)?
-6
Let h(i) be the second derivative of i**4/12 - i**3/6 + i**2 + 8*i. Calculate h(2).
4
Let v(m) = -m**3 - 3*m**2 + m - 3. Let n(h) = h**3 - 13*h**2 - 13*h - 18. Let p be n(14). Give v(p).
9
Let l(b) be the first derivative of -1/2*b**2 - b - 1/3*b**3 + 3. Give l(0).
-1
Suppose -3*f = -31 + 1. Let l = f + -11. Let x(t) = -4*t**2 + t. Determine x(l).
-5
Suppose -5*c - 2*v = -16, 0*c - 5*v = c - 17. Suppose 0*s + c*s = 0. Let d be s - (1 + -2 + 2). Let u(t) = 6*t**2. Determine u(d).
6
Let m(b) = b**3 - 3*b - 7*b**2 + 2*b + 3*b**2 + 2. Let g = 57 + -38. Let s = g - 15. Give m(s).
-2
Let d(h) = -h**2 + 6*h + 7. Let n = -54 + 60. What is d(n)?
7
Suppose 3*f - 4*c - 6 = f, -3*c = f + 2. Let n(s) = -8*s**2 + 2*s - 1. What is n(f)?
-7
Let m(z) = -3*z**2 + z + 7*z**3 + 5*z**2 - 2*z - 4*z**2. Determine m(-1).
-8
Let j(a) = 2*a**3 - a. Let o be j(-1). Let v(g) = -12*g. Determine v(o).
12
Let v(r) = r**2 + 8*r + 8. Let p(i) = -i**2 - 2*i + 1. Let d be p(2). Give v(d).
1
Let w(x) = -x**3 + 5*x**2 + x - 2. Let z be w(5). Let c(t) = 2*t - 2*t - t**z - 1 - t**2 + t - t**3. Let u = -5 - -3. Determine c(u).
9
Let m(n) = -3*n**3 + 2*n**3 - n - 4*n**2 - n**2 + 3*n**2. Give m(-1).
0
Let u = 26 - 23. Let f(c) = -c - 1. What is f(u)?
-4
Let g = 8 + -8. Let r(n) = 7*n**3 - 5*n**2 + 27. Let i(j) = -11*j**3 + 8*j**2 - 41. Let y(c) = -5*i(c) - 8*r(c). What is y(g)?
-11
Let x(d) = 6*d - 3. Suppose 0 = -4*f + 6 + 2. Determine x(f).
9
Let z(b) = -b**2 - 5*b - 3. Suppose -q + 9 = -4*q. Let t be (-4)/2 + 1 + q. Calculate z(t).
1
Let b(q) be the first derivative of 20*q**3/3 + q**2/2 - q + 8. Determine b(1).
20
Let r be 1*((-4)/3 - 2/3). Let p(l) be the third derivative of 0 - 1/3*l**3 - 1/12*l**4 + 0*l - l**2 - 1/60*l**5. Determine p(r).
-2
Let a(c) = c**2 + 12*c + 6. Let l be (-1 + 2)*-1*11. Let b be a(l). Let v(x) be the third derivative of x**5/60 + 5*x**4/24 - x**3/6 + x**2. Determine v(b).
-1
Let x = 7 + -4. Let m be x/(-2)*8/(-6). Suppose -m*i + 4 = -6. Let k(h) = h**2 - 7*h + 4. Give k(i).
-6
Let o = -80 + 85. Let q(d) = d - 11. What is q(o)?
-6
Let j = -21 + 10. Let m(r) = -5*r**2 - 3*r + 5. Let c(p) = 14*p**2 + 8*p - 14. Let o(k) = j*m(k) - 4*c(k). Determine o(3).
-5
Suppose 15 = -d + 6*d. Suppose -3*h + 7*h - 18 = -g, 0 = 4*h - d*g - 10. Let b(v) = -283 + 0*v + v + 278. Determine b(h).
-1
Let g(m) = 4*m**2 - m. Suppose -s + 11 - 1 = 3*j, 3*s = 3*j - 30. Suppose 0 = j*n - n + 4. Calculate g(n).
5
Suppose -2*s = -o + 4, 4*o - 5 = 3*o + 3*s. Let h(a) = -2*a + 0*a + a**3 + 7*a**2 - 3*a**o. Suppose 8 = 3*g - 4*y, 4*g - 8*g + 2*y - 6 = 0. Calculate h(g).
8
Let u(b) = 5*b**2 + 3*b - 3. Let h(k) = -k**2 - k. Let r(t) = 6*h(t) + u(t). What is r(-3)?
-3
Suppose -5*t + 3*r = 23, -3*t = -5*t + r - 9. Let u(y) = -y - 1. Calculate u(t).
3
Let w(f) = f**3 - 2*f**2 + f. Let a be -6 + 6 + 2 + -4. Let g(r) = -2*r - 2. Let s be g(a). Determine w(s).
2
Suppose 3 = -3*y - 3. Let k(p) = -p**3 - 4*p**2 + 2. What is k(y)?
-6
Let h(j) = -j**2 - 6*j + 9. Let a be h(-7). Let r(m) = -14*m + 5. Let t(y) = 9*y - 3. Let i(b) = 5*r(b) + 8*t(b). Determine i(a).
5
Let y(r) be the third derivative of -r**5/60 + 5*r**4/24 - r**3/2 - r**2. Let l = 0 + 3. Suppose -4*f + 9 = x, f - 16 = l*x - 4. What is y(f)?
3
Suppose 0 = -0*p - 2*p - 50. Let z be p/10 + (-1)/2. Let a be ((z - -2)/(-1))/(-1). Let o(w) = -w**2 - w - 1. What is o(a)?
-1
Let j = 0 + 1. Let v be (3/3 - 8) + j. Let h(g) = g + 6. What is h(v)?
0
Let u(y) = -y**2 + 9*y - 14. Let j be u(6). Let h(n) be the third derivative of -n**4/12 + n**3/3 + n**2. Calculate h(j).
-6
Let s(p) = p. Suppose 0*v = 2*v + 5*k + 30, 5*v + 4*k = -41. Let z = v - 0. Calculate s(z).
-5
Let v(n) be the first derivative of -n**3/3 + 7*n**2/2 - 8*n + 27. Determine v(7).
-8
Let s(z) = -3*z**2 + 4*z - 2. Let i = -106 - -108. Give s(i).
-6
Let w be -1 - 8*(-1)/2. Let d(c) = 6*c - 3. Give d(w).
15
Let r(w) = -w + 8. Suppose 7 = -4*u + 5*u. Let n be r(u). Suppose -t = -n + 4. Let x(j) = -j. Calculate x(t).
3
Let q(i) be the third derivative of -5*i**4/24 + i**3/2 + 18*i**2. Determine q(3).
-12
Let k(r) = r**2 + r. Let i = 4 - 3. Suppose -3*j + j + 14 = 4*u, -3*j + i = 2*u. What is k(j)?
6
Suppose 4*q - 5 = 3*i, 0 = -i - 2*q - q - 6. Let r = i + 1. Let l(u) be the first derivative of u**4/2 + 2*u**3/3 - u**2 - 4. What is l(r)?
-4
Let w(s) = -11*s**3 + 3*s**2 - 4. Let n(h) = -h**3 + h**2 - 1. Let j(d) = 3*n(d) - w(d). Let x be 1/(1/(-2)*2). What is j(x)?
-7
Let i = 58 - 65. Let w(p) = p - 4. What is w(i)?
-11
Let z(g) = -g + 6 - 6. Let u(j) = j**2 + j + 1. Let m(w) = -u(w) - 4*z(w). Give m(3).
-1
Let m(t) be the first derivative of 4/3*t**3 - 3*t - t**2 - 3 - 1/4*t**4. Suppose z + 2 = 2*k - z, 5*k - 7 = 4*z. Calculate m(k).
0
Let p(b) = -6*b**2 - 7. Let c(k) = k**2 + 1. Let v(j) = -5*c(j) - p(j). Let h = -23 + 21. Calculate v(h).
6
Let n = 5 + -9. Let f(r) be the second derivative of r**3 + 1/2*r**4 + 1/20*r**5 + 0 + 0*r**2 - 7*r. What is f(n)?
8
Let m(h) be the first derivative of h**4 + h**3/3 + h**2 + h + 28. Give m(-1).
-4
Let a = 16 - 15. Let c(t) = t**2 - 2*t + 1. Calculate c(a).
0
Suppose 3*y = -4*h, 5*h - 19 = 3*y - 2*y. Let f(i) = -i**2 + 0 - 9*i + 3 - 6*i**3 + i**3. Let k(s) = s**3 - s**2 + s. Let r(m) = f(m) + 4*k(m). What is r(y)?
7
Let j(w) = -w + 9. Let p be j(7). Let i(g) = 0 - 5*g**2 - 3 - 3*g + 8*g + 6*g**p. What is i(-5)?
-3
Let k(i) = i - 4. Let u be k(7). Suppose -5*t = -5*p + 15, -2*t = u*p - 6*t - 14. Let g(s) = -2*s + 0*s + 3*s. Give g(p).
-2
Let i be 3/9*(-15 - 0). Let o(f) be the second derivative of f + 5/2*f**2 + 0 - 1/12*f**4 - 1/3*f**3. Calculate o(i).
-10
Let y be (-6)/(-9) - 19/(-3). Let s(u) = u**2 - 7*u + 6. What is s(y)?
6
Let r(b) = b**2 + b + 3. Let x(k) = -k**3 - 7*k**2 - 4*k + 8. Let v be x(-6). What is r(v)?
15
Suppose -2 = b - 2*b. Let f(r) = b*r**2 + 2*r + 0*r**2 - 3*r**2 - 3*r. Give f(1).
-2
Let f(q) be the first derivative of -q**2/2 - 11*q + 6. Give f(-6).
-5
Let y(m) = -m + 1. Let o(b) = b**2 + 3*b - 5. Let z be 31/(-5) + 4/20. Let n = z - -1. Let x be o(n). Determine y(x).
-4
Let c(p) = -2 - 2*p + 2*p**2 + p**2 + 0*p**2 - 7*p. Let k(j) = -j**2 + 5*j + 1. Let z(f) = 2*c(f) + 5*k(f). Calculate z(-5).
-9
Let i(s) = s + 6. Let t be i(-8). Let h be (-1)/(t/20*2). Let q(v) = -v**3 + 5*v**2 - 2*v + 2. Give q(h).
-8
Let t(o) = o - 10. Let p(m) = -2*m - 11. Let c be p(-6). Let r be (-18)/(-3) - (c - 2). Determine t(r).
-3
Let b(f) = f**2 - 2*f - 2. L